) be the first derivative of -u**4/2 - 17*u**3/3 - 13*u**2 - 4*u - 104. Is p(-11) composite?
False
Suppose 2*w + q = -q + 54, 0 = 4*w - 2*q - 138. Is 12/w - 199018/(-16) a composite number?
True
Let g be (144/(-108))/(-1 - 2/(-6)). Suppose 2*t = -g*t + 784. Let n = t - -261. Is n prime?
True
Is 121/(-22)*(-2199810)/165 a composite number?
False
Suppose -17 = 14*b - 73. Let k(l) = 384*l + 23. Is k(b) composite?
False
Let h be 1 - (-2 + (-3 - -1)). Let i = -173 + 176. Suppose -2*r = -i*a - r + 104, -h*a + 2*r + 175 = 0. Is a a composite number?
True
Let f = 598 + -598. Suppose 3*j = -w + 1070, -2*j + f*j + 735 = 5*w. Is j composite?
True
Let j(i) = 199*i**2 - 16*i - 3. Let h(s) = 22*s - 14. Let z be h(1). Is j(z) a composite number?
True
Suppose 10*b - 887 = 63. Suppose b = y + w + 12, y = -2*w + 83. Is y prime?
True
Suppose -143079 = -4*w + l, 20*w = 15*w + 5*l + 178830. Is w a prime number?
True
Suppose 0 = -11*h + 817 + 1735. Is (254 + 0)/(16/h) a composite number?
True
Let n(r) = -997*r**3 + 28*r**2 + 126*r + 13. Is n(-6) prime?
True
Suppose 84*h - 10717955 - 6722041 = 0. Is h composite?
False
Suppose 0 = -w - 1300 + 24107. Is w a prime number?
True
Suppose 5*o + 188*a = 186*a + 1285096, 0 = o - 3*a - 257009. Is o composite?
True
Let c(w) = 567*w - 174. Let a be c(-24). Let f = a - -23591. Is f composite?
True
Is (-20113824)/(-144)*(-27)/(-18) prime?
True
Suppose -27*b = -35*b + 392. Suppose b*y = 52*y - 23703. Is y prime?
True
Let r(s) = 15*s**2 - 26*s + 26. Let f be r(10). Is f/(-4)*8/(-6) composite?
True
Let c(f) = 4*f**2 + 9*f + 11. Let b be c(-5). Suppose b = 4*d + 14. Suppose -12*m = -d*m + 485. Is m a composite number?
True
Suppose -3*k + 595 = -908. Suppose 23329 + k = 2*s. Is s a prime number?
False
Let v = 95708 - 54181. Is v a prime number?
False
Let u = 153459 - 36298. Is u prime?
False
Suppose 10 = l - 3*l, 3*q - 11 = l. Suppose -4*s = s + q*y - 7, -3*s - y = -5. Is 3027*((-1)/s - (-4)/3) a composite number?
True
Suppose 0 = -5*k + 4*i + 23, 3*k - 11 = 2*k + 4*i. Suppose -k*t + t + 1520 = 0. Suppose -2*n = -4*w + 1582, -5*w + 2*n = -t - 1215. Is w a composite number?
True
Suppose -15*y + 67 = -38. Suppose 0 = -25*t + y*t + 117378. Is t composite?
False
Let j be (-80)/(-24) + 4/6. Suppose s - 159 + 22 = -5*t, 96 = 3*t - j*s. Is (27 - t) + (0 - (1 + -4093)) a composite number?
False
Let z = 595 + -591. Suppose 1 = y, -3*n + 6*y - z*y + 27271 = 0. Is n composite?
False
Let n = -68361 - -154988. Is n a prime number?
True
Let k be (-5 - (-34)/6)*(-27)/(-6). Suppose -v - k*m = -1259, -v - 5*m = -4*v + 3833. Is v a prime number?
False
Suppose -4*a + 10504 = -2*y - 27544, y + 9511 = a. Let k = 2813 + a. Is k a prime number?
False
Let n be -2*(14/(-6))/(6/9). Suppose -n*a = -11*a. Suppose -3*t - 1800 + 6711 = a. Is t a prime number?
True
Suppose 961527 = 16*p - 285996 + 134483. Is p a composite number?
True
Suppose 3*d - 8377664 = -5*q, -146*q = -148*q + 14. Is d a composite number?
True
Suppose 0 = f - 3*f - 13256. Let m be 8/(-12) + 16106*2/(-12). Let g = m - f. Is g prime?
True
Suppose 3*n - 3*o + 18 = 0, 2*n - 2 = 31*o - 36*o. Let v(w) be the third derivative of -w**6/40 + w**5/20 + w**4/3 + w**3/2 - w**2. Is v(n) prime?
True
Let g(n) = -n**2 - 7*n - 9. Let p be g(-2). Is p + -4 + -1 + 7409 + -2 a composite number?
True
Suppose 206541 = 27*g - 13*g - 410593. Is g composite?
True
Suppose 5*l - 7*l = 10, 3*m - 4*l - 41 = 0. Let a(x) = 34*x - 17. Is a(m) composite?
True
Suppose 2*z + 144039 = 3*c, 16 = z + 19. Is c composite?
True
Let l = 268844 - 75445. Is l prime?
False
Is (208737905/1665)/((-3)/(-27)) composite?
False
Let n = 51 + -41. Suppose -8*d - 4 = -n*d. Suppose -d*i + 785 = -i - 3*b, 2*i + b = 1598. Is i composite?
False
Let k(c) = -8*c + 1. Let g be k(0). Is (11 + -10)*11/g a prime number?
True
Suppose 7699553 = -67*a + 956*a - 5591886. Is a a prime number?
True
Suppose -3*x + 6 = 0, -h + 179077 - 19742 = -4*x. Is h a composite number?
True
Suppose 0 = -y + 5*u + 81799, -9*y - 6*u = -8*y - 81887. Is y a prime number?
True
Let w = 44712 - 28495. Is w a prime number?
True
Let q be -1*(12 - -3)/(-5). Is (10 - (q - -8))*2521/(-1) composite?
False
Let i(s) = 2*s**2 - s - 18. Let x be i(5). Suppose 9 = 6*d - x. Is 62587/21 + d/9 prime?
False
Let b be 6/42 + 20/7. Suppose 0 = -19*d - b*d + 36014. Is d a prime number?
True
Suppose v - 18 = -5*v. Suppose 4 = 2*d + 5*n, v*d = n - 1 - 10. Is 786 - d*(-2)/(-6) prime?
True
Let a be (-4)/((40/15)/(-2)). Suppose 28 = -5*f + a. Is 13/(f*2/(-290)) composite?
True
Let o(p) = -55*p**3 + 7*p**2 - 2*p + 67. Is o(-10) a prime number?
True
Let g = -212815 + 487322. Is g a composite number?
True
Is 548572/22 + 195/(-2145) a prime number?
False
Let j(o) = 1799*o + 2452. Is j(51) a prime number?
True
Let a be (1/(-4))/1 + (-354)/(-8). Let j(c) = 29*c - a*c + 5 - 12 - 69*c. Is j(-9) a composite number?
True
Suppose -61*s - 289003 + 818326 = 12*s. Is s a prime number?
False
Let j(b) = -3166*b + 43. Let p be (4 - 172/20) + 3/5. Is j(p) prime?
False
Let u(d) = 217*d**2 - 44*d - 34. Is u(-16) composite?
True
Is 106282 + -2 + (6 - 3) composite?
True
Let q(f) = -2 - 4 + 4*f**2 + 2 + 2 + 4*f. Let g be q(-4). Suppose -5*c = -g - 139. Is c composite?
False
Let h(u) = 237*u**2 - 68*u + 47. Let s(x) = 47*x**2 - 14*x + 9. Let l(t) = -2*h(t) + 11*s(t). Is l(28) a composite number?
True
Suppose -5558 = -13*b + 1826. Suppose i + 574 = 3*q, 3*q = -5*i - 0*i + b. Is q a prime number?
True
Let m be -56*(-3)/18 - 2/(-3). Let s be (-17586)/(-45)*m*1. Suppose 920 = 4*i - s. Is i a composite number?
True
Let u(b) = -3*b**3 + 4*b**2 + 15*b - 3. Let d be u(-5). Let z = d + -194. Is z a prime number?
False
Let m = -12316 - -3809. Let k = -6 - m. Is k a composite number?
False
Let m be ((-157152)/(-16))/(1 + 1). Suppose -4914 = -c + z, 0*z - m = -c - 2*z. Suppose c = 3*t + 2*d - 0*d, -5*d + 5 = 0. Is t a prime number?
True
Let q(c) = -42*c**3 + 26*c**2 + 463*c + 16. Is q(-25) prime?
True
Suppose 0 = -4*n - 5*a + 1235364, -4*n + 1001778 = -a - 233538. Is n a prime number?
False
Suppose -3*d - 3*g = -d - 39, 0 = -3*d - 4*g + 58. Let w(j) = -12*j**3 + j**2 + 5*j + 7. Let c be w(-2). Let x = c - d. Is x composite?
False
Let d(q) = 9 + 108*q + 392*q + 4. Let u(m) = -4*m**2 + 12*m + 222. Let x be u(9). Is d(x) prime?
False
Let s = 189561 + -52540. Is s a prime number?
False
Suppose 2*c = h + 2659 - 14864, 3*h = 4*c + 36603. Is h a prime number?
False
Is (-14196)/(-5) + (6 - 5)/((-25)/5) prime?
False
Let x be (-9)/(-6)*(-2 + 4)*1. Suppose f + f + 5*q = 17851, -x*f + 5*q + 26764 = 0. Is f prime?
True
Let s(d) = 642*d - 3. Let b be s(3). Let t = -1804 - -758. Let i = b + t. Is i a composite number?
False
Suppose -437*a + 905*a - 452*a - 8254672 = 0. Is a a composite number?
False
Is 6*(-9)/9 - -1138415 a composite number?
False
Is (11596 - -1)*(-38 + -24 + 63) prime?
True
Let j = -2907649 - -5470646. Is j composite?
True
Let u(y) = -51*y**3 + 6*y + 5. Let r be u(-4). Let c be 87/(-261) - (-13)/3. Suppose c*a - r = -561. Is a a prime number?
False
Let d(s) = 40553*s**2 - 1084*s + 3236. Is d(3) a prime number?
True
Suppose 2*t - 276349 = -3*c + 4*t, 15*c = -t + 1381756. Is c composite?
True
Suppose -62*p + 30 = -59*p. Let r be (97 - 1842)*((-6)/p - -1). Let h = r + 1191. Is h prime?
False
Suppose -7679*s + 7654*s + 2006825 = 0. Is s composite?
False
Suppose -228090 = -3*y + p, 14*y = 13*y - p + 76034. Is y prime?
True
Let c(t) = -53*t**2 - 22*t - 22. Let w(z) = -26*z**2 - 11*z - 11. Let v(q) = 2*c(q) - 5*w(q). Is v(6) a prime number?
True
Let h be -2 + -3 + 0 + 7. Suppose -3*g - 5*x = -7947, -3*g + 8*g - 13245 = h*x. Suppose -9*z = g - 16248. Is z a composite number?
False
Let u(w) = 1277*w + 26. Let v(r) = 1279*r + 27. Let k(f) = -5*u(f) + 4*v(f). Is k(-7) composite?
False
Let p be 1 - (301260/(-80) + 5/(-4)). Suppose 4*w + 2*c = 5*w - p, 0 = -2*w - 3*c + 7571. Is w a prime number?
False
Let b be 4/(20/3673) + 4/10. Let t = b + -382. Is t a composite number?
False
Let r(a) = 4*a. Let y(o) = -12215*o - 118. Let j(n) = -5*r(n) + y(n). Is j(-3) a prime number?
True
Suppose 3*p - 7*p - 136 = 0. Let n = -32 - p. Is n*(7941/6 - -3) a prime number?
False
Let p(s) = -23 - 12647*s - 14 + 5143*s. Is p(-2) prime?
False
Suppose 60*u - 9137233 =